sor of l and 301.
43
Let v(z) = -35*z + 2. Let k be v(-2). Suppose 64 = 659*w - 651*w. What is the highest common factor of k and w?
8
Let n = 277 + -269. What is the greatest common factor of 88 and n?
8
Let t = -1743 + 1768. Calculate the greatest common divisor of t and 925.
25
Let l be (-1)/((-22)/(-1166)*1/(-5)). Calculate the greatest common divisor of l and 5.
5
Suppose -z + 5*h + 81 = 92, -3*z - h = -31. Let a = 74 + 23. Suppose 3*c = -4*t + a, 0*c + 2*c - 34 = 5*t. What is the highest common divisor of c and z?
9
Let f(z) = -2*z + 10. Let k be f(9). Let x(w) = -3*w - 20. Let q be x(k). Suppose -h - 2 = -q. What is the greatest common divisor of h and 8?
2
Let o = 1914 + -710. Calculate the greatest common factor of 28 and o.
28
Suppose -3*s = -12, -4*h - s = -3*s - 1512. Let q = h - 244. What is the greatest common factor of q and 17?
17
Let y be -13*2*((-3105)/18)/15. What is the greatest common divisor of 23 and y?
23
Let w be ((-4)/6)/((-12)/18). Let a be ((-56)/21)/(10/(-15)). Calculate the greatest common factor of w and a.
1
Suppose -4 = 4*r, -x - r = 4*r - 81. Let k = 132 - x. Let y(w) = -22*w + 1. Let f be y(-1). Calculate the highest common factor of k and f.
23
Let d be 50/(-5) + 8 - -97. Calculate the highest common divisor of d and 5.
5
Suppose 15*b - 23*b = -4480. What is the greatest common divisor of b and 16?
16
Let v be -2*((-33)/6 - -1). Let y = -8 + 14. Let d = v - y. Calculate the highest common divisor of d and 12.
3
Suppose -1191 = -4*j - 2*n - n, 2*n = -4*j + 1186. Let m = j + -209. Calculate the highest common divisor of 17 and m.
17
Suppose 0 = -r - 3. Let j be (-37)/r + (-12)/(-18). Suppose 41 + j = 2*l + 4*a, 0 = 2*l + 2*a - 46. What is the greatest common divisor of l and 95?
19
Let k(v) = 9*v - 6. Let h be k(4). Let z be (12/(-5))/(30/(-75)). Calculate the greatest common divisor of z and h.
6
Suppose 11*d - 5*d = -270. Let k be 58*((-2)/(-10) + (-36)/d). Calculate the greatest common factor of 87 and k.
29
Let f = -215 - -279. What is the highest common factor of 240 and f?
16
Let c(l) = -1 + 3 + l - 1. Let d be c(7). Suppose 0 = 14*g - 13*g + 2*i - 70, -1 = i. What is the greatest common factor of g and d?
8
Let t = -896 + 1010. Calculate the greatest common divisor of t and 30.
6
Let b(t) = -2*t - 12. Let i be b(-11). Let r(n) = -n**2 - 37*n - 12. Let u be r(-34). What is the highest common factor of u and i?
10
Let w = -1176 + 1986. What is the highest common divisor of w and 90?
90
Suppose 5*a = -35 + 45. Suppose 7*w = -p + a*w + 23, 2*w - 2 = 2*p. Suppose p*g = 24 - 3. What is the highest common divisor of 56 and g?
7
Suppose 5*k + 13 = -7. Let s be 14/(-3)*(2 + k - 4). Calculate the highest common factor of s and 56.
28
Let y(k) = k**2 + 3*k - 2. Let h = 45 + -54. Let v be y(h). Calculate the highest common divisor of 13 and v.
13
Suppose 7*m - 234 = -6*m. Calculate the greatest common factor of 1 and m.
1
Let i(s) = s**3 - 26*s**2 - s + 58. Let g be i(26). Let n = g - 15. Let d be ((-22)/(-6))/((-1)/(-51)). What is the greatest common divisor of n and d?
17
Suppose 5*d - 1740 = 2*d. Let m = d + -400. What is the greatest common factor of m and 72?
36
Suppose -5301 = 12*c - 14697. Calculate the greatest common factor of 54 and c.
27
Suppose -g + 40 = -1. Calculate the highest common divisor of 41 and g.
41
Let a(d) = 2*d + 116. Let o be a(0). Let p = o - 86. Calculate the greatest common divisor of 30 and p.
30
Suppose -2 + 20 = -3*h - 2*m, 0 = -5*h + 5*m - 5. Let f = 20 + h. Calculate the highest common divisor of f and 112.
16
Suppose -3*n + 135*x + 3288 = 139*x, 5*n = 2*x + 5506. What is the greatest common factor of n and 20?
20
Let j = 38 - 32. Suppose 0 = -4*m + 4*o + 56, 3*o = 4*m + j - 63. Calculate the greatest common factor of 60 and m.
15
Suppose -21 = -5*h + 54. Let s be (-1 - -4)/(16/144). Let d = s - h. Calculate the greatest common factor of d and 132.
12
Suppose 2036*u = 2027*u + 2484. What is the highest common factor of 84 and u?
12
Let z(j) = 18*j + 186. Let m be z(-6). What is the greatest common factor of m and 52?
26
Let q = -42 + 45. Calculate the highest common divisor of q and 6.
3
Let n be (((-40)/50)/(-1))/(2/25). What is the greatest common divisor of 110 and n?
10
Suppose m = 2*m + 5*x + 10, -28 = -4*m - 3*x. Let h = m - 1. Let b(q) = -q + 6. Let d be b(0). Calculate the greatest common divisor of h and d.
3
Suppose 4*u + 0*u - 4*j - 112 = 0, 5*j = -4*u + 148. Let i = 3196 - 3188. Calculate the highest common divisor of u and i.
8
Let b(g) = 2*g - 6. Let d be b(-7). Let j = 7 + d. Let o be j + 13 + (-1 - -7). Calculate the greatest common factor of 48 and o.
6
Let n = -455 - -767. What is the greatest common divisor of 390 and n?
78
Let r = 42 - 12. Let d = -7 - -9. Suppose -d*f + 3 = -3. Calculate the highest common divisor of f and r.
3
Let y be 2/2*1*16. Let d(u) = -u**3 - 4*u**2 - 3*u. Let p be d(-3). Suppose p = -g - 0*g + 4. What is the greatest common divisor of g and y?
4
Let h be (-4)/(-14) - 38/(-14). Let l = -38 - -39. Let j be 4 + l - (3 - 1). What is the greatest common factor of h and j?
3
Let q be 5/(10/(-320)*-5). Calculate the highest common factor of 344 and q.
8
Suppose -13*a + 17*a - 12 = 0. Let b be 88/(-18)*-3*a. What is the greatest common factor of b and 22?
22
Suppose 5*i + 0*z - 2*z = 106, -104 = -5*i + 3*z. Calculate the highest common factor of i and 165.
11
Let v be (-130)/110 + 0 + 4/22. Let l = v - -69. Calculate the greatest common factor of 102 and l.
34
Let t = -75 - -89. Let v = -9 + 23. What is the greatest common divisor of t and v?
14
Let j(n) = 9*n**2. Let p be j(1). Suppose 6 = 5*v - 9. Suppose -4*a = 12, 2*a = -v*i - 0*a + 48. Calculate the highest common divisor of p and i.
9
Suppose 2*r + 2*h = h + 43, -25 = -5*h. Suppose 0 = -3*p - r + 115. Calculate the highest common divisor of p and 352.
32
Suppose -3*c = -2 + 11. Suppose -5*h - 10 = -b, -b + 6*b - 5*h + 10 = 0. Let q = c - b. Calculate the greatest common factor of 1 and q.
1
Suppose -4*n = -0*n - 80. Let h be (((-704)/40)/11)/((-6)/525). What is the greatest common factor of n and h?
20
Let w(z) = 13*z + 194. Let l be w(-14). What is the greatest common factor of l and 4236?
12
Let n = -151 - -241. Let c = -4 + 14. What is the highest common divisor of n and c?
10
Let g(o) = 27*o + 145. Let b be g(-5). What is the highest common factor of b and 1030?
10
Let x = -35 - -41. Let h be 2*(-5)/x*(-12 - 3). Calculate the highest common factor of 50 and h.
25
Suppose -4*m + 280 = -2*p, -p = 3*m - 157 - 43. Let x = -14 + 116. Calculate the highest common factor of x and m.
34
Suppose 2*s + 47 = m, -19 = 5*s - 4*s + m. Let p = s + 75. Suppose 0 = 4*y - 4 - 4, -3*j - 4*y + p = 0. What is the highest common divisor of j and 15?
15
Suppose 3 = -3*r, 0 = -2*b - 2*r - r - 43. Let w = -13 - b. Calculate the highest common divisor of w and 7.
7
Let x = -21 + 36. Let d be (-38)/(-4)*(-22)/(-11). Suppose 0 = -5*p + 56 + d. Calculate the highest common factor of x and p.
15
Suppose 122*z - 146*z + 840 = 0. What is the greatest common factor of z and 28?
7
Suppose 4*x - 944 = 4*g, 5*x = -3*g + 387 + 753. Let v be (-27)/6 + (-3)/6. Let h be (-42)/v*5/2. Calculate the highest common factor of x and h.
21
Suppose 5*b + 4*c - 2*c - 5 = 0, 2*c = -4*b + 2. Suppose 4*t = -o + 106, -b*t = 3*o - 0 - 75. Calculate the highest common factor of 54 and t.
27
Let t = 18 + -14. Let b be 105/14 - (-2)/t. Suppose j + 2 = b. Calculate the highest common divisor of 48 and j.
6
Suppose -3*g = -17 + 5. Suppose -2*f + r = 9, 0 = -g*f + r - 11 - 6. Let z be -3 - 2*(-1 + f). Calculate the greatest common factor of z and 21.
7
Let z(u) = 192*u**3 - u**2 + 9*u - 8. Let y be z(1). Calculate the greatest common factor of 80 and y.
16
Let w = 9 - 5. Suppose -6*f = -4*f - w. Suppose -2*h + 31 = 3*a, -4*a - 3*h = f*h - 39. What is the highest common divisor of 11 and a?
11
Suppose -15 = -0*i + i. Let y be (-6)/i*(0 - -5). Calculate the greatest common divisor of 2 and y.
2
Suppose 35*m - 18*m - 2040 = 0. Calculate the highest common factor of 75 and m.
15
Let f = -654 - -744. Let o be 6/(-9)*(-126)/4. Let v = -11 + o. Calculate the highest common factor of v and f.
10
Let a(d) = 4*d**2 + 16*d - 20. Let g be a(-11). Cal